et h(a) = -4*a - 4. Let y(g) = -4*g**2 - g + 1. Let c = -44 - -34. Let l be ((-4)/c)/(24/60). Let i be y(l). Determine h(i).
12
Let u be 2*(-1 + (-45)/(-6)). Let n = 20 - u. Let s(g) = 1 - g - 2*g - n*g**2 + 4*g. Determine s(-1).
-7
Let a(l) be the first derivative of l**3/3 - 4*l**2 - 6*l + 26. Calculate a(9).
3
Let o(i) be the third derivative of 0*i + 0 + i**2 - 1/24*i**4 - 1/3*i**3. Determine o(3).
-5
Let f(s) = 3*s**3 + 21*s**2 - 5*s - 56. Let l(y) = -4*y**3 - 28*y**2 + 7*y + 75. Let v(c) = 9*f(c) + 7*l(c). Determine v(-7).
-7
Let n be (6 - 60)*1/(-2). Let y be (12 - 0)*2/3. Suppose y = -5*o - n. Let q(b) = b + 8. Calculate q(o).
1
Let z = 697 - 697. Let x(n) = -n**2 + n + 15. Give x(z).
15
Let c(o) = 2*o**2 - 15*o - 2. Let i be 2/9*1827/58. What is c(i)?
-9
Let n(k) = k**2 - 7*k + 9. Let w be n(6). Suppose 0 = -0*l - 3*l - 12, 5*l + 35 = -w*m. Let p(s) = s**3 + 6*s**2 + 7*s + 5. Determine p(m).
-5
Let d(g) = 2*g**2 - 6*g - 21. Let b(j) = j**2 - 3*j - 11. Let z(r) = 5*b(r) - 3*d(r). Let n(p) be the first derivative of z(p). What is n(4)?
-5
Suppose -4*x = 2*j - 8, 7*j = 4*j - x + 2. Let y(g) = -g**3 + g**2 + g + 11. Give y(j).
11
Let p = -25 + 21. Suppose z - 4*o + 15 = 1, 2*o = 2*z + 4. Let b(q) = 5*q + q + q**z + q. Give b(p).
-12
Let u(b) = 7*b. Suppose -14 = -7*c + 9*c. Let n(f) = f**2 - f. Let z(k) = -k**3 - 8*k**2 + 10*k + 6. Let j(y) = -2*n(y) - z(y). Let i be j(c). Determine u(i).
7
Suppose -24 + 104 = 8*u. Let p(q) = -4*q + 4. What is p(u)?
-36
Let k(n) be the third derivative of -n**7/2520 + n**5/30 + 31*n**4/24 + 21*n**2. Let f(z) be the second derivative of k(z). Determine f(-3).
-5
Let c(p) = -p**3 - 3*p**2 - p - 1. Let k(s) = -s**3 - 6*s**2. Let f be k(-6). Suppose f = -2*r - 2*n - 4, 5*n + 1 = r - 3*r. Give c(r).
2
Let n = 180 - 170. Let d(o) = o**3 - 11*o**2 + 11*o - 4. Determine d(n).
6
Let x(d) = -5*d**2 - 16*d + 7. Let y(z) = -9*z**2 - 30*z + 14. Let i(p) = -7*x(p) + 4*y(p). What is i(-9)?
-2
Let g(h) = h**3 + 4*h**2 - 6*h - 2. Let x be (2/(-5))/((-7)/(-70)). Let k = -1 + x. Calculate g(k).
3
Let c(h) = h. Let g(k) = 7*k - 3. Let q(v) = -6*c(v) + g(v). Let j be 0/((-2 + 3)*2). Give q(j).
-3
Let f(s) be the third derivative of s**4/8 + s**3 - 5*s**2. Let k(x) = 2*x - 4 + 1 - 3*x - x. Let d(v) = 3*f(v) + 5*k(v). What is d(5)?
-2
Let t(y) = y**2 - y. Let n be 4/6 + ((-106)/6 - 4). Let o = 30 - 5. Let q = o + n. Give t(q).
12
Let p = 1697 + -1696. Let x(t) be the third derivative of -t**6/120 - t**5/60 + t**4/12 - t**3/6 - t**2. Determine x(p).
-1
Suppose -2*c + 17 - 1 = -2*f, 3*f + 28 = 4*c. Let j = 0 + 2. Let w(a) = -j*a - 3 + a - 3*a**2 + 4*a**2. What is w(c)?
9
Let z(n) = n**3 - 4*n**2 - 4*n - 4. Let v be 10/3*72/(-20). Let t be (-2 - 13/(-4))/((-3)/v). Calculate z(t).
1
Let c(t) = t + 4. Let g(n) = -n + 6. Let l be g(6). Let q be c(l). Let u(x) = 0*x + 1 - 12*x**2 + 11*x**2 + 3*x + 2*x. Determine u(q).
5
Let a(g) = g - 1. Let b(j) = j**2 - 2*j + 7. Let n(h) = 5*a(h) + b(h). Let d be (0 - -4 - -2)/(-1 + 0). What is n(d)?
20
Let v be -19 - -12 - -8*2. Let x(y) = -y + 9*y**2 + 2*y - 2*y + 4 - y**3 + 5. What is x(v)?
0
Suppose 5*i = 3*d + 10, 0 = 4*i - i + d - 6. Suppose 5*g = 91 - 1. Let t(a) = g*a - 18*a + i*a**2 - 1. Give t(-2).
7
Suppose 2*a = a + 1. Let o(i) = 1 - i - 479940*i**2 - 1 + 479933*i**2. Give o(a).
-8
Let d(q) = 9*q**3 + q**2 + q. Let c(i) = 2*i - 7. Let r be c(6). Suppose r*y - 4 = 1. Suppose 0*x = x + y. What is d(x)?
-9
Let w(u) = -281*u + 280*u - 35*u**2 + 39*u**2. What is w(1)?
3
Suppose -7 = -5*l - 62. Let x(p) = p**3 + 10*p**2 - 11*p - 18. Give x(l).
-18
Let h = 1421 + -1409. Let o(p) = -p - 1. Give o(h).
-13
Let q(x) = x**3 + 3*x**2 - x + 3. Suppose 0 = 3*y - 15, 4*y = -2*m + 23 + 1. Suppose -5*w + 0*w + 5*h = 40, 2*w = -m*h. Calculate q(w).
-9
Let h(i) = i - 2*i**2 + 185 - 6*i**2 - 184 + 0*i**2. Determine h(-1).
-8
Let k(w) = 0*w**2 + 3*w**2 + 2*w + 0 - 2 + w**3. Let z be (163 - 151)*(-1)/4. What is k(z)?
-8
Let t(c) be the third derivative of c**4/24 - 3*c**2. Let l(f) = -f**3 + 3*f**2 + 3*f - 2. Let h be l(4). Calculate t(h).
-6
Let v be ((-20)/12)/(-5) - 16/(-6). Let m(w) = -4*w - 2. Give m(v).
-14
Let x be 13/(-2) - (-12)/(-8). Let g = x - -10. Let z(l) = 3*l + 7*l**3 - 3*l**g + 1 + 3 - 4*l**3 - 2*l**3. Calculate z(3).
13
Let l(f) = -f + 3. Let s be 6/4*52/(-39). Let n = s + 2. Let k be 3 - n/(-2 - -5). What is l(k)?
0
Suppose 4*v = 4*o, -2 = o + 3*v + 2. Let b be (o/2)/(1/6). Let p(x) = -2*x**2 - 2*x. Calculate p(b).
-12
Let u be 5/(-20) + (-15)/(-12). Let p be 1/(2/(u - -9)). Suppose 0 = p*h - 4*n, h = -4*h + 3*n. Let f(q) = q**3 - q**2 - 10. Determine f(h).
-10
Suppose 85 = -5*w + 100. Let z(a) = -2*a**3 + 3*a**w - 2*a**2 - 8*a - 4*a**2 + 0*a**3 + 4. Determine z(7).
-3
Let o(m) be the second derivative of 2/3*m**3 - 7*m + 0 + 1/2*m**2. Determine o(4).
17
Let b(m) = 0 + 0 + 25*m - 51*m. Determine b(-1).
26
Let v(j) = 4*j**2 + 3*j - 1. Let x(g) = -11*g**2 - 8*g + 3. Suppose 0 = 5*h + 2*h + 56. Let o(c) = h*v(c) - 3*x(c). What is o(1)?
0
Let v(n) = -2*n**3 - 4*n**2 - 3*n - 1. Let d be v(-2). Suppose 22*k - 20*k - 4 = 0. Let j(m) = 1 - 4*m - 3*m + m - 7 + m**k. Determine j(d).
-11
Let a(i) be the first derivative of i**3/3 - i**2 - 2*i + 163. Give a(3).
1
Suppose 4*m - 4 = m - 2*c, 4*m = -5*c + 3. Let u(t) be the first derivative of 2*t**m - 1/3*t**3 + 3 - 4*t. Calculate u(4).
-4
Let x = 3 + 1. Let t(b) = -2*b**2 - 127 + 6*b + 0*b**2 + 124. What is t(x)?
-11
Let o(d) be the third derivative of -d**6/120 + d**5/30 - 2*d**3/3 + 292*d**2. Determine o(2).
-4
Let l(q) = -5*q + 25. Let k(t) = -2*t + 9. Let p(j) = 8*k(j) - 3*l(j). What is p(-5)?
2
Suppose -p + 8 = -5*p. Let h(z) = z**2 + 10*z + 3. Let y(l) = -2*l**2 - 23*l - 7. Let u(o) = 7*h(o) + 3*y(o). Give u(p).
2
Suppose -4*q = j + 12, 4*q + 16 = -2*j - 0*j. Let d be (j/(-8))/(1/8). Let n(v) = -4*v - 3. What is n(d)?
-19
Let m(u) = -2*u**2 - 3*u - 3. Let q be m(-2). Let b(w) = -w**3 + 2*w**2 + 4*w - 4. Let t(r) = -r**2 + 1. Let y(p) = -b(p) - 6*t(p). Calculate y(q).
-7
Let h(a) = 419 + a - 418 - 5*a**2 + 3*a**2. Determine h(2).
-5
Let n(m) = -2*m - 34. Let f be n(-15). Let i(c) = c**3 + 4*c**2 - 5*c - 3. Give i(f).
17
Let s(w) = -w**2 - 15*w - 15. Let r(d) = d**2 + 10*d + 6. Let u be r(-3). What is s(u)?
-15
Let f(m) = 12*m**2 - 97*m - 2. Let x be f(8). Let y(i) = 2*i - 6. Determine y(x).
-26
Let c(q) = -17*q + 3. Let u(v) = 4*v - 1. Let s(r) = 2*c(r) + 9*u(r). Suppose 25*i = -6*i + 155. Determine s(i).
7
Let v be (-148)/(-16) + 1/(-4). Let a(r) = -v - r - 6 + 9 + r**2. Let z be a(3). Let m(w) = w - 4. Calculate m(z).
-4
Let k(p) = -2*p - 10. Let b(n) = 1. Let u(s) = 10*b(s) + k(s). Let z = -54 + 52. Determine u(z).
4
Let j(d) be the first derivative of -5*d**2/2 + 12*d + 44. Calculate j(6).
-18
Let o(k) = 2*k**2 - 7*k + 4. Let z(f) = -7*f**2 + 18*f - 11. Let b(a) = -8*o(a) - 3*z(a). Determine b(-1).
4
Let m(c) be the second derivative of c**7/840 - c**6/180 - c**5/120 + c**4/12 + 7*c**3/6 - 5*c. Let o(y) be the second derivative of m(y). Determine o(-2).
-12
Let h = -1919 + 1915. Let i(j) = j**2. Let w(n) = -n + 5 + 0 - 4 - n**2. Let f(r) = h*w(r) - 5*i(r). Calculate f(3).
-1
Suppose -m = 6 - 17. Suppose -7*q - 4*i = -2*q + 10, -i + m = -q. Let b(w) = -21 - 15 - 18 + 68 - 16 + 6*w + w**2. Determine b(q).
-2
Let k(j) be the first derivative of j**2/2 + 3*j - 24. Let d be k(3). Let t(f) be the first derivative of -f**4/4 + 5*f**3/3 + 4*f**2 - 6*f + 2. What is t(d)?
6
Let i(t) = 3*t - 4. Suppose -v - 7 = -9. Let y be i(v). Let j(w) = 2*w**3 + w**2 + 2. What is j(y)?
22
Let p(j) be the third derivative of -7*j**4/24 - j**3/6 + j**2 - 26*j. Determine p(1).
-8
Let z(x) = -5*x**3 - 31*x**2 + 36*x + 26. Let w(q) = q**3 + 6*q**2 - 7*q - 5. Let c(n) = 11*w(n) + 2*z(n). What is c(-4)?
17
Let h(s) = s**2 - 3*s - 7. Let f(l) = 2*l + 1. Let w(a) = 4*f(a) + h(a). Suppose 5*o + 2*g = -18, 6*o - 2*o - 5*g + 21 = 0. Calculate w(o).
-7
Let h(d) = -d**3 - 5*d**2 - 6*d. Let s be (4/(-5))/(117/585). What is h(s)?
8
Suppose -4*l - 17 = -3*j, 3*j + l = -0*j - 8. Let g(u) = -5*u**2 + 5*u + 4*u**2 + 7*u**3 - 5*u. Determine g(j).
-8
Let o(m) = -5*m + 1. Let x = -54 + 120. Let t = x - 64. Calculate o(t).
-9
Let f(a) = -8*a**3 + a. Let p(j) = 6*j**3 - 2*j**2 + 8*j - 16.